 be m(-9). Let i = 9 + l. Let a(x) = -5*x**3 + i*x**2 + x**3 - 10*x**2 + 3*x**3 - 4*x. What is a(-3)?
-6
Let z(p) = 2 - 3 - 1 - 2*p. Let l be z(-3). Let v(u) = -2*u + 2*u**2 + 5 - l + 3*u. What is v(-1)?
2
Suppose 3*n - 6*n = -2*h + 4, 3*h + 16 = -n. Let z(v) = -1 - v**2 - 1 - 2 - 9*v + 3*v. Calculate z(h).
4
Suppose 0 = -5*u + 5*v + 14 + 1, -u - 4*v = 2. Let o(q) = -2*q**2 - 6*q**3 + q**3 + 0*q**u + q + 4*q**3. What is o(-3)?
6
Let l(f) = f**2 - 5*f + 2. Suppose -29 = -2*k - 5*s, 0*s - 5*s = -2*k - 21. What is l(k)?
-4
Let x(t) be the second derivative of -t**5/20 + 5*t**4/12 - 2*t**3/3 + t**2 + t. Let z = 20 - 8. Suppose -o = -4*o + z. Give x(o).
2
Let a be (-54)/15 - 4/10. Let s(b) = -4 + 4 + b. What is s(a)?
-4
Let x(k) = -2*k + 1. Let n = 83 + -81. Determine x(n).
-3
Let i(k) = k + 15. Let l(g) = g**2 - 14*g + 13. Let q be l(13). Calculate i(q).
15
Let p(i) be the first derivative of -4*i**3 + i**2/2 + i - 10. Calculate p(-1).
-12
Suppose 0*v = 4*v. Let m = v + 0. Let c(y) = 3 + m*y**2 + 2*y**2 + 0*y**2 - 4*y**2 + 2*y. Determine c(3).
-9
Let q(t) = -707*t**2 - 2*t**3 + 703*t**2 - 6 + 2*t + 3*t**3. What is q(4)?
2
Suppose 2 = -j + 2*j. Let s be -2*(2 + -2 + j). Let p(v) be the third derivative of -v**4/24 - v**3/6 + 5*v**2. What is p(s)?
3
Let b(w) be the third derivative of w**5/60 - w**4/4 + w**3 + 29*w**2. Determine b(5).
1
Let t(x) = x**2 - 7*x + 1. Let n = -26 - -51. Let z be 140/n + (-4)/(-10). Calculate t(z).
-5
Let k = -4 + 4. Let d(g) = 2*g**2 + g + 7. Let n(y) = -y**3 - y**2 - y + 1. Let u(o) = d(o) + n(o). What is u(k)?
8
Suppose -4*h + 1 - 5 = 0. Let l(a) = 4*a**2 + a. What is l(h)?
3
Let r(d) = 3*d + 2. Suppose 5 + 1 = -2*k. Give r(k).
-7
Let s(v) = v**2 - 5*v + 1. Let a = -7 + 14. Suppose a*f - 2*f - 25 = 0. Determine s(f).
1
Let f(o) be the second derivative of -o**3/6 + 3*o**2/2 + 20*o. Calculate f(7).
-4
Let h(b) = 6*b**2 + 3*b - 2. Let w(m) be the third derivative of m**5/10 + m**4/6 - m**3/2 + 2*m**2. Let q(r) = 4*h(r) - 3*w(r). Determine q(1).
7
Let x be 4/5 + 765/75. Let o(h) be the first derivative of 1/2*h**2 - 3 - x*h. Give o(5).
-6
Suppose -13 = -p - 8. Let d(v) be the third derivative of -v**6/360 + v**5/40 + v**4/6 + v**3/6 - v**2. Let i(m) be the first derivative of d(m). Give i(p).
-6
Let h(b) = -2*b**2 + 6*b - 5. Let f be ((-4)/(-10))/((3/30)/1). Determine h(f).
-13
Let x(q) = 10*q - 30. Let c(o) = -4*o + 12. Let r(s) = -12*c(s) - 5*x(s). Let y(g) = g**3 + g**2 + g + 6. Let j be y(0). Calculate r(j).
-6
Let j(x) = x**3 + 4*x**2 - 5*x + 3. Suppose 0 = r + 3 + 2. What is j(r)?
3
Let m(q) = -11 + 13 + q + 5. Determine m(-4).
3
Let j(a) = 2*a**2 + a. Let t(y) = y**3 - y + 1. Let q be t(0). Let x be j(q). Let u(w) = -1 - w + 2 + x. Calculate u(5).
-1
Let v be (2 + -10)/(-2) + 0. Suppose -2*w - r = 0, w - 6*w - v*r = -3. Let n be 1 - 2/(-1)*w. Let c(s) = -s**3 - 2*s**2 + 1. What is c(n)?
0
Let b(j) be the third derivative of -j**5/60 - j**4/12 + j**2. Let c = -6 - -15. Suppose 2*i = -i - c. Give b(i).
-3
Let z be (-12)/(-5) + 4/(-10). Let x(v) = 4*v**2 - v**3 - 5 + 2*v + 2*v**3 + z. Let p = -60 + 57. What is x(p)?
0
Suppose 5*t - 25 = -5*p, 0*p - t = -3*p + 7. Let g(f) = 3*f**3 + f**2 + 3*f - 1 + 3 - 2*f**p. Calculate g(-2).
-8
Let z(b) = 6*b**2 - 4*b - 4. Let a(o) = -13*o**2 + 9*o + 9. Let t(d) = -4*a(d) - 9*z(d). Let u be t(1). Let f(n) = -6*n - 1. Determine f(u).
11
Suppose 4*o = 5*o + 4. Let g = 21 + o. Suppose 3*v - 4*v - g = -4*z, -v + 3*z = 14. Let i(y) = 3*y + 7. What is i(v)?
-8
Let k(a) = -2 + 4 - a**3 - 3*a - 4*a**2 + a. What is k(-4)?
10
Suppose 9*q - 12 = 6*q. Let m(i) = -10 - q*i**2 + 2*i**2 + i**3 + 7. Give m(3).
6
Let g be 6/(2 - (-3)/(-3)). Let i(s) = -s**2 + 7*s - 8. Calculate i(g).
-2
Suppose 5*p + 39 = -3*j - 21, -2*p - 24 = -5*j. Let z = p - -11. Let n(d) = -5*d**3 - d**2 + d + 1. Give n(z).
4
Let u(i) = i**3 - i - 2. Suppose 3*n + 3 = -2*z + 1, 2*z = -4*n - 2. Calculate u(n).
-2
Let d(v) = -6*v**3 + 4*v**2 - 4*v + 1. Let m be d(1). Let q(t) = -3*t - 1. Calculate q(m).
14
Suppose 5*t = 3*t - 36. Let w be (-4)/t - (-64)/36. Let r(m) = -2*m**2 - 2*m**3 - m - 2*m**w + 7*m**2 + 2 + 0*m**2. Give r(2).
-4
Let t(c) = 11*c + 7. Let m(o) = 6*o + 3. Let y(h) = 5*m(h) - 2*t(h). Let a(r) = r. Let n(d) = 3*a(d) - y(d). Suppose 2*f + 4 = 6. Determine n(f).
-6
Suppose 16 = -2*j + 7*g - 3*g, 2*g = -2*j + 2. Let l be (1*(1 - -1))/j. Let a(w) be the second derivative of w**3/2 + 4*w. Determine a(l).
-3
Let x(p) = p - 6*p - 2*p + p**2 + 0*p - 7. Let g be x(8). Let a(j) = 4*j**2 + 2*j - 1. What is a(g)?
5
Let x be 7/(-21) - (-7)/3. Let h(p) = x - p + 0 - p**3 - 2. Determine h(-1).
2
Let u(h) be the third derivative of h**7/2520 + h**5/20 - h**4/12 - 2*h**2. Let n(k) be the second derivative of u(k). Suppose 0 = 2*p + 3*p. Give n(p).
6
Let p be (-2)/(-6) + 2/3. Let g = p - -1. Let r(q) = q - 1. Let d be r(g). Let c(y) = -y**2 + 1. Calculate c(d).
0
Let y be (-12)/(-7) + 2/7. Let z(b) = 4*b - y*b**2 - 5 + 4 + b**2. Let p(l) = -l**2 + 7*l - 2. Let t be p(6). Calculate z(t).
-1
Let s(l) = -5*l + 3*l + 4*l. Calculate s(-1).
-2
Let k(d) be the first derivative of -d**3/3 + 3*d**2/2 + 5*d + 4. Determine k(6).
-13
Let i(z) = -z. Let y be -2 + 2 - (-1 + -4). Calculate i(y).
-5
Let q(f) = -f**3 - 6*f**2 + 3*f + 15. Let y be (-260)/45 + (-16)/72. Determine q(y).
-3
Let a(c) = c**2 - 2*c - 1. Suppose -3*f = 3*p - 0*f - 9, -2*f = 5*p - 12. What is a(p)?
-1
Suppose 0*k - 8 = -4*k. Let a(f) = f**k + 2 - 2*f + f**2 - 3*f + 0*f. What is a(3)?
5
Let i be (0 + 3)/(3 + -2). Suppose -i*k = -k + 4. Let c(a) = -3*a + 1. Calculate c(k).
7
Suppose c + 3 = 0, -4*r - r - 71 = -3*c. Let q be (r/(-10))/(4/10). Let d(y) = -y - 4*y**2 + 2*y + 3*y**2 + y + 3. Determine d(q).
-5
Let m(w) = -3*w - 6. Let t(y) = 4*y + 7. Let c(n) = -3*m(n) - 2*t(n). What is c(-7)?
-3
Let w(p) be the third derivative of -7*p**6/120 - p**5/30 - p**4/24 + p**2. Let s(u) = -u + 5. Let h be ((-1)/2 + 1)*12. Let l be s(h). Give w(l).
6
Let z(d) be the third derivative of -d**5/60 - d**4/6 - d**3/6 + 17*d**2. Calculate z(-3).
2
Let z(i) = 4 + i + 2 - 4. Suppose a + 24 = -a. Let b = -15 - a. Calculate z(b).
-1
Suppose 2*w - 2 = 2. Let s(c) = 0*c + 3 - 2*c + 1 - c**w + 5*c. Determine s(3).
4
Let i(g) = 9*g + 19. Let n(x) = 7*x - 1 - 2*x + 4 + 7. Let j(a) = 6*i(a) - 11*n(a). Determine j(2).
2
Let h(n) = -n - 5. Let x be 3/6 + 9/6. Suppose 0 = x*r + 6 + 4. Give h(r).
0
Let a(m) = -37*m**2 - 1 - 44*m**2 + 4*m + 82*m**2. Determine a(-2).
-5
Let v be -1 + -1 - 20/(-1). Suppose 4*k + 4*x = 8, -5*x - v = k - 3*k. Let q(m) = -m + 2 + m**2 + 4 - k - 1. Give q(2).
3
Let s(r) = 2*r**2 + 15*r - 21. Let m(i) = i**2 + 8*i - 11. Let o(x) = -11*m(x) + 6*s(x). Suppose 15 = 5*p + 35. What is o(p)?
3
Let q be 6/(-9)*6/(-4). Let y(o) = -2*o. What is y(q)?
-2
Let q(t) = t**2 - t + 1. Let m(x) = -4*x + 2. Let j be m(-4). Suppose -2*c - c = j. Let r = c - -8. Give q(r).
3
Let f(n) = n + 5. Let b(o) = o**2 - 10*o + 10. Let z = -1 - -9. Let g be b(z). Determine f(g).
-1
Let j(g) = -g**3 - 5*g**2 - 6*g - 4. Let z(x) = -x**3 + 5*x**2 + 5*x + 2. Let t be z(6). Let c = -8 - t. Give j(c).
4
Let s(k) = -2*k**3 - 4*k**2 - 2*k. Suppose -5*u + 4*u - 2 = 0. Give s(u).
4
Let q(y) = y**3 - 3*y**2 - 4*y + 4. Suppose 0*x + 4 = x + l, 4*x + l = 13. Give q(x).
-8
Let p(u) = -u - 1. Let a(j) = 3*j + 1. Let z be a(1). Suppose 5*g + c = -c - 11, -14 = 2*g + z*c. Determine p(g).
0
Let k(g) = -4*g**2 + 4. Let d(a) = -4 - 13*a**2 + 12 + 4*a**2. Let o(t) = -3*d(t) + 7*k(t). Let u = 3 - 3. What is o(u)?
4
Let d(l) = -4*l + 3. Let n be (-6)/2 - (-10 + 2). Let h(s) = 5*s - 3. Let i(y) = n*h(y) + 6*d(y). Give i(-2).
1
Let t(x) = -2*x - 12. Let i(f) = -f - 13. Let u(a) = -3*i(a) + 2*t(a). Determine u(0).
15
Let m(h) be the third derivative of h**5/60 - h**4/6 - h**3/6 - 11*h**2. Determine m(5).
4
Let j(h) be the third derivative of 0 + 1/8*h**4 - 6*h**2 + 0*h - 5/6*h**3. Give j(4).
7
Let u(l) = -l - 2 + 6 - 3. Let x be u(4). Let g(d) = 0*d + 2*d + 0*d. Determine g(x).
-6
Let j(n) = n**3 - 3*n**2 + 2*n - 12. Let q(l) = -2*l**3 + 7*l**2 - 4*l + 23. Let h(k) = -5*j(k) - 3*q(k). Give h(6).
3
Let i(m) = -m**3 - 2*m**2 - m. Let k be i(-2). Suppose 0 = -2*l - 6 + k. Let v(h) = 4*h + 2. What is v(l)?
-6
Suppose -2*d - 12 = -3*d -